4133 (base 6) in base 9?
3033
What is -6116 (base 9) in base 13?
-205b
What is -92a7 (base 13) in base 4?
-10330120
Convert -3a (base 11) to base 3.
-1121
Convert 100323 (base 5) to base 4.
302031
Convert -819 (base 13) to base 10.
-1374
1347 (base 11) to base 8
3321
What is 1355 (base 11) in base 8?
3332
-32304 (base 9) to base 4
-11032030
What is -3218 (base 11) in base 16?
-109e
Convert -9ab (base 15) to base 7.
-6242
What is 1702 (base 8) in base 6?
4242
Convert 3c4 (base 16) to base 14.
4cc
What is 2021020 (base 3) in base 4?
121311
Convert 4309 (base 11) to base 14.
210c
What is -aa2a (base 15) in base 9?
-54384
What is -451 (base 8) in base 16?
-129
What is 37066 (base 8) in base 16?
3e36
-1173 (base 10) to base 13
-6c3
-601 (base 8) to base 16
-181
3152 (base 7) to base 14
599
-20312 (base 5) to base 6
-10100
What is 6a8 (base 16) in base 4?
122220
What is -140131 (base 5) in base 9?
-7685
Convert 2d0 (base 14) to base 6.
2354
-4522 (base 9) to base 13
-16a0
-2323 (base 4) to base 13
-115
-a909 (base 11) to base 4
-3201020
Convert 233505 (base 8) to base 4.
103131011
What is 2390 (base 11) in base 13?
1564
Convert -126b (base 15) to base 2.
-111101010110
What is -132 (base 11) in base 4?
-2130
-412 (base 6) to base 11
-129
333443 (base 6) to base 15
8490
What is -7925 (base 10) in base 4?
-1323311
What is -516 (base 9) in base 7?
-1140
Convert 133211 (base 4) to base 11.
1578
1322132 (base 4) to base 16
1e9e
-111100111101110 (base 2) to base 4
-13213232
Convert 31310 (base 4) to base 5.
12014
213020 (base 4) to base 6
15332
-acdb (base 16) to base 14
-121ab
What is -10 (base 15) in base 3?
-120
11d89 (base 14) to base 15
cebe
Convert -833 (base 13) to base 2.
-10101110010
Convert 110110011 (base 2) to base 6.
2003
What is 111011010011 (base 2) in base 9?
5176
What is -1871 (base 10) in base 12?
-10bb
105225 (base 6) to base 2
10001011110001
What is 4c6 (base 13) in base 9?
1131
What is -1127 (base 8) in base 2?
-1001010111
What is 11001001110 (base 2) in base 3?
2012210
Convert 2723 (base 12) to base 4.
1012023
Convert -205e (base 16) to base 2.
-10000001011110
-c5 (base 14) to base 8
-255
Convert -2211232 (base 4) to base 7.
-42631
834d (base 14) to base 15
6a74
2698 (base 15) to base 4
2000303
2280 (base 11) to base 4
232300
What is -11ce2 (base 15) in base 2?
-1101111001010000
-120b9 (base 12) to base 13
-b0ca
What is 14405 (base 6) in base 3?
10011112
What is 27419 (base 10) in base 7?
142640
What is 278a (base 16) in base 8?
23612
-1904 (base 10) to base 7
-5360
Convert -2437a (base 12) to base 4.
-23330032
Convert 28607 (base 11) to base 14.
10b67
17d (base 16) to base 11
317
What is 1c0c (base 13) in base 5?
113422
What is -452 (base 6) in base 2?
-10110000
966b (base 13) to base 3
1001122012
-1001101111111 (base 2) to base 12
-2a7b
Convert bba (base 14) to base 9.
3157
Convert 7370 (base 12) to base 3.
122022010
What is -1332434 (base 6) in base 11?
-50a50
2b8a (base 13) to base 11
4869
Convert -2102020 (base 3) to base 16.
-6e1
What is -93 (base 12) in base 6?
-303
Convert -578 (base 12) to base 8.
-1454
Convert -220 (base 12) to base 6.
-1240
Convert -11011011110001 (base 2) to base 13.
-652c
Convert -303003 (base 4) to base 6.
-23043
What is -595a (base 12) in base 5?
-310011
What is -735 (base 8) in base 10?
-477
Convert -1563 (base 7) to base 9.
-773
-835 (base 13) to base 15
-631
-784 (base 16) to base 2
-11110000100
Convert -36d (base 15) to base 8.
-1412
What is -640 (base 11) in base 15?
-365
What is -69b (base 13) in base 11?
-949
Convert 764 (base 10) to base 15.
35e
Convert -442 (base 13) to base 10.
-730
What is -6ab0 (base 12) in base 5?
-340230
What is -16155 (base 12) in base 14?
-b5a9
What is -6196 (base 16) in base 7?
-132556
What is -1323 (base 7) in base 3?
-200210
445 (base 14) to base 15
3b5
Convert -14151 (base 9) to base 10.
-9604
Convert -1205 (base 9) to base 10.
-896
What is 10000010000 (base 2) in base 16?
410
Convert -683 (base 9) to base 14.
-2c1
881 (base 11) to base 16
421
11200000 (base 3) to base 7
12630
Convert 119c (base 13) to base 7.
10163
101111011 (base 2) to base 3
112001
60969 (base 10) to base 13
2199c
What is -21413 (base 10) in base 8?
-51645
13b (base 15) to base 14
161
-42478 (base 10) to base 7
-234562
Convert -34451 (base 9) to base 14.
-8529
What is -3223 (base 8) in base 10?
-1683
Convert 1011011010110 (base 2) to base 7.
23021
What is -10004 (base 5) in base 15?
-2be
Convert -3253 (base 10) to base 15.
-e6d
-12300 (base 4) to base 8
-660
-25b (base 12) to base 4
-11213
What is -15c58 (base 13) in base 7?
-232264
-1065 (base 9) to base 13
-488
Convert 12564 (base 7) to base 10.
3378
What is -101000011001100 (base 2) in base 8?
-50314
Convert -50b0 (base 15) to base 16.
-4290
Convert 195 (base 14) to base 9.
403
Convert -2133123 (base 4) to base 13.
-484b
What is 547d (base 14) in base 7?
60416
16d7 (base 14) to base 13
1b41
Convert -200 (base 9) to base 5.
-1122
3498 (base 13) to base 4
1303200
Convert -2832 (base 10) to base 11.
-2145
-445 (base 8) to base 12
-205
What is -24661 (base 12) in base 11?
-34068
-2283 (base 14) to base 16
-176b
What is 23104 (base 5) in base 10?
1654
What is 211345 (base 6) in base 4?
10030301
Convert -35 (base 13) to base 3.
-1122
What is 111131 (base 4) in base 10?
1373
Convert -32bb (base 12) to base 7.
-22241
What is -1411422 (base 5) in base 3?
-1110202121
1631 (base 7) to base 12
46b
What is 7b32 (base 13) in base 8?
41577
-5838 (base 12) to base 9
-14438
-243342 (base 6) to base 15
-6598
Convert 443 (base 10) to base 8.
673
What is -852 (base 15) in base 10?
-1877
4752 (base 8) to base 15
b43
125235 (base 6) to base 11
8744
Convert -4a3 (base 13) to base 8.
-1451
9d57 (base 15) to base 7
166216
What is 221222 (base 3) in base 16?
2bd
What is -1000221122 (base 3) in base 4?
-10332113
What is -2fd (base 16) in base 15?
-360
What is 1650 (base 14) in base 12?
2386
Convert -312113 (base 4) to base 2.
-110110010111
What is 434a (base 13) in base 11?
7037
8921 (base 11) to base 4
2313300
Convert 13021 (base 4) to base 14.
249
4657 (base 10) to base 2
1001000110001
-682 (base 13) to base 9
-1474
What is 1000111111011110 (base 2) in base 3?
1212112002
Convert -63401 (base 7) to base 6.
-200212
What is -3382 (base 11) in base 3?
-20002200
-22b4 (base 15) to base 10
-7369
What is 110001001001 (base 2) in base 6?
22321
What is 110011111111010 (base 2) in base 4?
12133322
-421 (base 6) to base 5
-1112
What is -85b0 (base 13) in base 5?
-1043224
Convert -1110110111 (base 2) to base 12.
-673
What is -11001110111111 (base 2) in base 7?
-53423
707 (base 16) to base 8
3407
Convert -64d9 (base 14) to base 10.
-17439
Convert -7e58 (base 16) to base 9.
-48327
What is 391 (base 15) in base 6?
3431
What is -521 (base 8) in base 12?
-241
Convert bc01 (base 15) to base 16.
9b92
-4b79 (base 12) to base 8
-20615
6376 (base 9) to base 5
122221
Convert 2278 (base 13) to base 8.
11337
What is -45b1 (base 16) in base 11?
-1244a
What is -3864 (base 9) in base 15?
-ccd
Convert -351 (base 9) to base 10.
-289
Convert -10000011 (base 2) to base 6.
-335
Convert -156a0 (base 12) to base 4.
-13122120
What is -100011011001000 (base 2) in base 14?
-6864
Convert -10111000011 (base 2) to base 8.
-2703
200 (base 3) to base 8
22
402201 (base 5) to base 10
12801
60 (base 15) to base 13
6c
21013 (base 4) to base 11
490
50300 (base 7) to base 14
4600
Convert -2042 (base 9) to base 3.
-2001102
What is 1bc (base 13) in base 10?
324
-102450 (base 6) to base 4
-2002332
-33145 (base 6) to base 15
-156b
What is 1014 (base 11) in base 4?
111002
-73c (base 16) to base 13
-ac6
What is 119f (base 16) in base 3?
20012002
Convert 10211111 (base 3) to base 4.
223222
774 (base 9) to base 15
2c4
What is 101111100 (base 2) in base 4?
11330
Convert 303 (base 8) to base 5.
1240
What is 3025 (base 6) in base 8?
1231
-3323 (base 6) to base 15
-366
Convert -11868 (base 11) to base 15.
-5094
342444 (base 5) to base 15
3969
Convert -2938 (base 15) to base 14.
-3308
-904 (base 15) to base 5
-31104
Convert -102020022 (base 3) to base 5.
-230224
What is 12c1 (base 14) in base 10?
3305
What is -2781 (base 10) in base 3?
-10211000
What is 1c5b (base 15) in base 4?
1200101
Convert 1101011100 (base 2) to base 16